 7 a factor of 78175?
False
Does 87 divide 113013?
True
Does 1103 divide 2265562?
True
Is 878403 a multiple of 1057?
False
Is 2999285 a multiple of 14?
False
Is 161805 a multiple of 68?
False
Is 42 a factor of 1898598?
False
Does 11 divide 24983?
False
Is 2176938 a multiple of 22?
False
Is 37269 a multiple of 17?
False
Is 42490 a multiple of 3?
False
Is 105047 a multiple of 131?
False
Does 57 divide 84132?
True
Is 39279 a multiple of 12?
False
Is 8387479 a multiple of 1441?
False
Is 47 a factor of 8161205?
False
Is 16237 a multiple of 13?
True
Is 282 a factor of 3971622?
False
Does 11 divide 87836?
False
Is 304138 a multiple of 41?
True
Is 36 a factor of 31644?
True
Is 81315 a multiple of 15?
True
Is 28 a factor of 825036?
False
Is 20 a factor of 1708701?
False
Is 43 a factor of 1087986?
True
Is 5 a factor of 122359?
False
Does 152 divide 103360?
True
Does 4 divide 2719232?
True
Is 217 a factor of 4081770?
True
Does 97 divide 1321744?
False
Is 1507319 a multiple of 492?
False
Does 111 divide 200193?
False
Is 2045662 a multiple of 181?
True
Is 42547 a multiple of 157?
True
Is 29864 a multiple of 40?
False
Is 117 a factor of 16629?
False
Is 4 a factor of 20782?
False
Is 23 a factor of 10233965?
True
Does 22 divide 2106698?
True
Does 14 divide 251883?
False
Does 232 divide 684400?
True
Is 31 a factor of 432326?
True
Does 13 divide 66339?
True
Is 158 a factor of 342381?
False
Is 5 a factor of 1534783?
False
Does 329 divide 4058291?
False
Does 777 divide 512523?
False
Is 67 a factor of 552?
False
Is 7 a factor of 77560?
True
Does 26 divide 305240?
True
Is 27815 a multiple of 13?
False
Is 7327008 a multiple of 103?
True
Does 13 divide 51361?
False
Is 6298582 a multiple of 490?
False
Is 40471 a multiple of 3?
False
Is 575 a factor of 4507425?
True
Is 5563476 a multiple of 234?
False
Is 13328968 a multiple of 352?
False
Is 3 a factor of 17782?
False
Is 3376 a multiple of 4?
True
Does 9 divide 415471?
False
Is 327018 a multiple of 27?
False
Does 800 divide 8192000?
True
Is 5 a factor of 117125?
True
Does 18 divide 390744?
True
Is 236 a factor of 4050994?
False
Is 871 a factor of 16130049?
True
Does 13 divide 399490?
True
Is 334 a factor of 6912834?
False
Is 4607766 a multiple of 486?
True
Is 11053849 a multiple of 3?
False
Is 3788604 a multiple of 4?
True
Is 8040594 a multiple of 1866?
True
Does 176 divide 847908?
False
Is 106 a factor of 242568?
False
Is 7 a factor of 2534203?
True
Does 665 divide 17644725?
False
Does 201 divide 105123?
True
Does 83 divide 40421?
True
Is 31 a factor of 1978860?
False
Does 155 divide 425108?
False
Is 8368477 a multiple of 34?
False
Is 27 a factor of 10950093?
True
Is 33568 a multiple of 16?
True
Does 595 divide 1892695?
True
Does 608 divide 195017?
False
Is 463560 a multiple of 15?
True
Does 48 divide 104544?
True
Does 28 divide 506143?
False
Does 459 divide 14439834?
False
Does 3 divide 154773?
True
Does 10 divide 5690?
True
Is 23 a factor of 51129?
True
Is 456 a factor of 6039496?
False
Is 11 a factor of 97203?
False
Is 14 a factor of 3617354?
False
Is 635512 a multiple of 74?
True
Does 32 divide 141259?
False
Is 75 a factor of 102975?
True
Does 3 divide 35354?
False
Is 5691323 a multiple of 795?
False
Is 309 a factor of 2041872?
True
Does 142 divide 421030?
True
Does 200 divide 26936243?
False
Is 304 a factor of 1757500?
False
Is 78537 a multiple of 3?
True
Is 5523892 a multiple of 2?
True
Does 18 divide 42714?
True
Is 43221 a multiple of 21?
False
Is 603652 a multiple of 14?
True
Is 80 a factor of 513840?
True
Is 7 a factor of 202923?
True
Is 280987 a multiple of 293?
True
Is 104482 a multiple of 14?
True
Is 5 a factor of 2729545?
True
Is 507 a factor of 333603?
False
Is 82588 a multiple of 2?
True
Is 92684 a multiple of 34?
True
Does 38 divide 142017?
False
Is 150 a factor of 511125?
False
Is 31 a factor of 3860267?
False
Does 564 divide 4017386?
False
Is 20 a factor of 2489580?
True
Is 104 a factor of 89440?
True
Does 2 divide 38165?
False
Is 232449 a multiple of 11?
False
Is 115156 a multiple of 19?
False
Does 16 divide 700944?
True
Is 319 a factor of 35728?
True
Does 416 divide 612559?
False
Is 686 a factor of 724395?
False
Is 548803 a multiple of 23?
True
Is 38 a factor of 11742?
True
Is 69 a factor of 3147877?
False
Is 113 a factor of 561610?
True
Does 1477 divide 4205019?
True
Is 17571944 a multiple of 338?
True
Is 7870663 a multiple of 12?
False
Does 412 divide 2200492?
True
Is 17 a factor of 8094145?
False
Is 871 a factor of 88944?
False
Does 132 divide 13921644?
True
Does 463 divide 1583371?
False
Does 53 divide 77274?
True
Does 28 divide 21603156?
False
Does 16 divide 9048483?
False
Does 3 divide 45335?
False
Is 73 a factor of 1099599?
True
Is 44 a factor of 1377816?
True
Is 943 a factor of 12615209?
False
Is 95 a factor of 908427?
False
Is 12 a factor of 282408?
True
Is 563 a factor of 3335576?
False
Does 23 divide 989391?
True
Does 786 divide 9192202?
False
Does 155 divide 711013?
False
Does 27 divide 1270637?
False
Is 45991 a multiple of 14?
False
Is 9 a factor of 9791055?
True
Does 30 divide 114306?
False
Is 705227 a multiple of 31?
False
Does 23 divide 5308906?
True
Is 73 a factor of 243712?
False
Is 10 a factor of 127820?
True
Does 177 divide 11030994?
True
Is 2177349 a multiple of 363?
False
Is 293 a factor of 68269?
True
Does 831 divide 23580?
False
Is 264 a factor of 3192024?
True
Is 15085065 a multiple of 93?
True
Is 826808 a multiple of 8?
True
Is 1171 a factor of 5381387?
False
Is 2180775 a multiple of 69?
False
Is 1476587 a multiple of 6?
False
Is 176390 a multiple of 136?
False
Is 17 a factor of 240584?
True
Is 16038 a multiple of 2?
True
Is 929 a factor of 3475334?
False
Is 922 a factor of 336048?
False
Is 344064 a multiple of 64?
True
Is 59 a factor of 1701178?
False
Is 38 a factor of 43380?
False
Does 34 divide 126854?
True
Is 3 a factor of 69539?
False
Is 20064794 a multiple of 1117?
False
Is 153909 a multiple of 9?
True
Is 68261 a multiple of 5?
False
Does 26 divide 217498?
False
Is 1232110 a multiple of 487?
True
Is 134386 a multiple of 331?
True
Is 24920 a multiple of 356?
True
Does 185 divide 882852?
False
Is 5689365 a multiple of 123?
True
Is 629032 a multiple of 1289?
True
Is 584239 a multiple of 15?
False
Does 39 divide 410046?
True
Is 148740 a multiple of 402?
True
Is 44 a factor of 851488?
True
Is 2365275 a multiple of 33?
True
Is 918592 a multiple of 496?
True
Is 223870 a multiple of 129?
False
Does 36 divide 6647688?
True
Is 50 a factor of 7203000?
True
Is 362406 a multiple of 51?
True
Does 36 divide 815902?
False
Is 9681160 a multiple of 1238?
True
Is 155 a factor of 4924970?
True
Does 2 divide 361689?
False
Is 144 a factor of 3042249?
False
Is 123873 a multiple of 157?
True
Is 3569869 a multiple of 202?
False
Is 1190052 a multiple of 324?
True
Is 352 a factor of 676544?
True
Does 4 divide 5544240?
True
Is 92233 a multiple of 15?
False
Does 6 divide 67318?
False
Does 43 divide 123883?
True
Is 26381 a multiple of 39?
False
Is 24 a factor of 114384?
True
Is 160716 a multiple of 17?
False
Is 162 a factor of 525145?
False
Does 306 divide 3689136?
True
Does 43 divide 246261?
True
Does 6 divide 161394?
True
Is 560 a factor of 3345142?
False
Is 7 a factor of 1550054?
False
Is 269828 a multiple of 198?
False
Does 7 divide 24632?
False
Does 454 divide 9471802?
True
Does 38 divide 1181960?
False
Is 46 a factor of 2530?
True
Does 16 divide 75658?
False
Is 69720 a multiple of 21?
True
Is 8 a factor of 2303389?
False
Does 45 divide 1766342?
False
Is 293697 a multiple of 63?
False
Is 1103189 a multiple of 629?
False
Is 8607592 a multiple of 18?
False
Is 822 a factor of 9868932?
True
Is 13 a factor of 6511756?
False
Does 6 divide 1394286?
True
Is 47 a factor of 102631?
False
Does 4 divide 210062?
False
Does 53 divide 2935034?
True
Is 93 a factor of 16088614?
False
Does 21 divide 410461?
False
Is 2 a factor of 678142?
True
Does 10 divide 351004?
False
Is 925625 a multiple of 125?
True
Is 237 a factor of 55458?
True
Is 3842 a multiple of 2?
True
Is 11456798 a multiple of 1537?
True
Is 15 a factor of 773856?
False
Does 137 divide 11570?
False
Is 4225400 a multiple of 1093?
False
Is 205 a factor of 148499?
False
Is 45 a factor of 107685?
True
Is 202043 a multiple of 62?
False
Does 104 div